it of 689576557?
6
What is the units digit of 89437456?
6
What is the ten thousands digit of 435019727?
1
What is the hundred thousands digit of 461250768?
2
What is the hundreds digit of 162232242?
2
What is the millions digit of 77956862?
7
What is the units digit of 285052199?
9
What is the units digit of 390874180?
0
What is the hundreds digit of 69419093?
0
What is the hundreds digit of 420666753?
7
What is the units digit of 2061608434?
4
What is the units digit of 61884680?
0
What is the ten millions digit of 119206239?
1
What is the ten millions digit of 1038335772?
3
What is the ten thousands digit of 249707859?
0
What is the ten thousands digit of 99351538?
5
What is the ten millions digit of 5900556360?
0
What is the ten thousands digit of 53858670?
5
What is the thousands digit of 3899752675?
2
What is the ten thousands digit of 998757561?
5
What is the millions digit of 3195758242?
5
What is the hundreds digit of 299080786?
7
What is the units digit of 201049094?
4
What is the thousands digit of 13145560?
5
What is the hundreds digit of 1364962175?
1
What is the hundred thousands digit of 123321579?
3
What is the hundred millions digit of 4927522574?
9
What is the ten thousands digit of 233706040?
0
What is the tens digit of 89560825?
2
What is the millions digit of 7623622?
7
What is the hundreds digit of 38223257?
2
What is the hundred thousands digit of 6635394718?
3
What is the ten millions digit of 1489140889?
8
What is the units digit of 36116801?
1
What is the ten thousands digit of 277466202?
6
What is the units digit of 25301901?
1
What is the thousands digit of 783684042?
4
What is the ten thousands digit of 1254176024?
7
What is the ten millions digit of 105442403?
0
What is the hundreds digit of 42346689?
6
What is the hundred thousands digit of 458587866?
5
What is the hundred thousands digit of 21014611?
0
What is the millions digit of 4618094281?
8
What is the millions digit of 24889375?
4
What is the units digit of 45060054?
4
What is the ten millions digit of 19788142?
1
What is the ten millions digit of 28030617?
2
What is the hundreds digit of 1113320390?
3
What is the hundred thousands digit of 6420068344?
0
What is the ten millions digit of 24686151?
2
What is the millions digit of 47782405?
7
What is the tens digit of 1602162137?
3
What is the hundreds digit of 384016579?
5
What is the hundred thousands digit of 3829998545?
9
What is the units digit of 21434161?
1
What is the hundred millions digit of 201561818?
2
What is the ten millions digit of 45332660?
4
What is the ten thousands digit of 403684005?
8
What is the millions digit of 466543913?
6
What is the hundred thousands digit of 16176755?
1
What is the units digit of 421310933?
3
What is the hundreds digit of 786404978?
9
What is the units digit of 54158905?
5
What is the units digit of 166659537?
7
What is the units digit of 93221888?
8
What is the millions digit of 9447431?
9
What is the units digit of 15684955?
5
What is the ten millions digit of 228108201?
2
What is the ten thousands digit of 118081596?
8
What is the millions digit of 514589997?
4
What is the ten millions digit of 31318297?
3
What is the hundreds digit of 58994308?
3
What is the ten millions digit of 1767410000?
6
What is the millions digit of 56140297?
6
What is the hundred millions digit of 1638072398?
6
What is the hundreds digit of 320406383?
3
What is the hundred millions digit of 1643265051?
6
What is the hundreds digit of 391131009?
0
What is the hundreds digit of 1566875122?
1
What is the units digit of 28029134?
4
What is the hundred thousands digit of 53632943?
6
What is the millions digit of 43480087?
3
What is the units digit of 727158?
8
What is the hundred thousands digit of 1066018864?
0
What is the units digit of 46705613?
3
What is the hundred millions digit of 191116994?
1
What is the thousands digit of 372152585?
2
What is the thousands digit of 89137416?
7
What is the ten millions digit of 302311045?
0
What is the tens digit of 57826855?
5
What is the billions digit of 5749931070?
5
What is the millions digit of 67339047?
7
What is the hundreds digit of 925081061?
0
What is the thousands digit of 5392475?
2
What is the thousands digit of 3912698666?
8
What is the hundreds digit of 14961281?
2
What is the hundreds digit of 302880018?
0
What is the ten millions digit of 867872817?
6
What is the hundreds digit of 10390912?
9
What is the hundreds digit of 908671836?
8
What is the tens digit of 75685878?
7
What is the hundreds digit of 2408885038?
0
What is the units digit of 61615603?
3
What is the hundreds digit of 33554645?
6
What is the units digit of 820459595?
5
What is the ten millions digit of 95770856?
9
What is the hundreds digit of 3042894639?
6
What is the billions digit of 4134072870?
4
What is the hundred thousands digit of 460374636?
3
What is the hundreds digit of 185786599?
5
What is the ten millions digit of 3690741576?
9
What is the hundred thousands digit of 145756593?
7
What is the millions digit of 453176716?
3
What is the hundreds digit of 4729228677?
6
What is the hundred millions digit of 175961015?
1
What is the millions digit of 409739511?
9
What is the hundred millions digit of 425989395?
4
What is the millions digit of 120433460?
0
What is the units digit of 64040105?
5
What is the ten thousands digit of 112801056?
0
What is the tens digit of 143758336?
3
What is the hundred thousands digit of 164530069?
5
What is the ten millions digit of 211595937?
1
What is the millions digit of 1029394359?
9
What is the tens digit of 11482168?
6
What is the hundred millions digit of 1643004749?
6
What is the hundreds digit of 633376842?
8
What is the hundred thousands digit of 735694440?
6
What is the thousands digit of 256999647?
9
What is the millions digit of 33516289?
3
What is the ten millions digit of 265277429?
6
What is the ten thousands digit of 67964292?
6
What is the tens digit of 2856167458?
5
What is the ten thousands digit of 8200038?
0
What is the tens digit of 15570195?
9
What is the tens digit of 260827431?
3
What is the tens digit of 1312039461?
6
What is the tens digit of 204173685?
8
What is the tens digit of 35102768?
6
What is the hundred millions digit of 476337292?
4
What is the hundred thousands digit of 170028126?
0
What is the hundred thousands digit of 5225247833?
2
What is the ten millions digit of 509265925?
0
What is the hundreds digit of 4270966552?
5
What is the ten millions digit of 246469539?
4
What is the millions digit of 2100493844?
0
What is the tens digit of 541408364?
6
What is the hundred thousands digit of 2824646411?
6
What is the hundred thousands digit of 5929173279?
1
What is the hundred thousands digit of 1170248148?
2
What is the units digit of 913295883?
3
What is the units digit of 5342010328?
8
What is the ten thousands digit of 13937096?
3
What is the tens digit of 56966998?
9
What is the ten thousands digit of 514930788?
3
What is the ten thousands digit of 250097063?
9
What is the hundred millions digit of 103978200?
1
What is the thousands digit of 137107262?
7
What is the hundred millions digit of 4704048511?
7
What is the ten thousands digit of 937581226?
8
What is the millions digit of 62885320?
2
What is the hundred millions digit of 4220763931?
2
What is the ten thousands digit of 447600269?
0
What is the millions digit of 215672466?
5
What is the millions digit of 114826796?
4
What is the hundred thousands digit of 54951534?
9
What is the hundred millions digit of 1943879656?
9
What is the thousands digit of 16313578?
3
What is the millions digit of 1917272509?
7
What is the ten thousands digit of 674487982?
8
What is the hundred thousands digit of 3904441615?
4
What is the ten millions digit of 75843485?
7
What is the ten thousands digit of 4246547040?
4
What is the ten millions digit of 259423260?
5
What is the ten millions digit of 469430995?
6
What is the ten thousands digit of 643948299?
4
What is the millions digit of 277553195?
7
What is the tens digit of 61088911?
1
What is the billions digit of 5291440398?
5
What is the ten thousands digit of 16738673?
3
What is the hundred millions digit of 150243192?
1
What is the units digit of 19919071?
1
What is the millions digit of 176